t m = 206 - t. Let f be (-2 + 1)*10*-1. Calculate the greatest common divisor of m and f.
10
Suppose w - 13 = -4. Let x(q) = -q**3 + 5*q**2 + 9*q - 9. Let a be x(6). Calculate the highest common factor of a and w.
9
Suppose t - 12 = -4. Let b(d) = 2*d**2 - 2*d - 1. Let j be b(2). Let k = t - j. Calculate the highest common divisor of k and 5.
5
Suppose 0 = -3*j + j - 100. Let h = j - -74. What is the greatest common divisor of h and 8?
8
Let j be 22/5 + (-2)/5. Let w = -4 - -5. Suppose -7 - w = -4*x. Calculate the greatest common factor of x and j.
2
Let m(t) = -t + 1. Let d be m(-5). Let i = -18 - -71. Let z = i + -23. Calculate the highest common factor of d and z.
6
Let f be ((-616)/(-20))/((-2)/(-20)). Calculate the greatest common factor of f and 28.
28
Let m be (-3)/((-5)/((-1415)/(-3))). Suppose m = 5*g - 192. Let s = 32 + -13. What is the greatest common factor of s and g?
19
Suppose s = 7*m - 3*m + 16, s - m = 25. Calculate the greatest common factor of s and 56.
28
Let m be (2 - (1 + -2))*3. Suppose -4*j + 252 = 4*v, -76 + 13 = -j + 5*v. What is the highest common divisor of j and m?
9
Let c be ((-6)/8 + 1)*4. Let d be -4 + 9 - (4 - c). What is the highest common divisor of 1 and d?
1
Let a(c) be the second derivative of -c**3/6 + 13*c**2 + 4*c. Let n be a(12). What is the greatest common divisor of n and 7?
7
Suppose t - 9 = -u, -81 = -4*u + 6*t - t. Suppose 8 = -3*b + 7*b. What is the greatest common factor of b and u?
2
Let h be 2/(-1) - (-8 + 18). Let s be 35/4 + (-3)/h. What is the highest common divisor of 18 and s?
9
Suppose -2*n + 59 = -109. Calculate the highest common factor of n and 24.
12
Let q(y) = -2*y + 2. Let h(t) = 3*t - 3. Let s(l) = -3*h(l) - 5*q(l). Let a be s(3). What is the greatest common factor of a and 1?
1
Suppose -386 = -3*s + 121. Let k = -115 + s. What is the greatest common divisor of k and 18?
18
Suppose -8 = y - 20. What is the greatest common factor of 84 and y?
12
Let d(w) = 12*w + 12. Let t be d(5). Calculate the highest common divisor of 24 and t.
24
Suppose -5*c - 57 = -b, 2*b - 3*c = 14 + 72. Let i = b - 22. Suppose -2*x = -d - 6*x + 13, -5*x - i = -5*d. What is the greatest common factor of d and 5?
5
Let y(s) = -s**3 - 2*s**2 - s - 1. Let w be y(-4). Let r(m) = -2*m + 2. Let g be r(-6). Calculate the greatest common divisor of g and w.
7
Suppose w - 4 = -h + 1, 2*w = h - 8. Suppose -g + 3 = 0, -2*s - g = -5 - h. What is the highest common factor of s and 16?
4
Let r be 144/(-14)*28/(-6). Let g = -11 + 23. Calculate the greatest common divisor of r and g.
12
Let u(k) = k**3 + 7*k**2 + 7*k. Let l be u(-5). What is the greatest common divisor of 120 and l?
15
Let n(m) = -7*m**3 - 2*m**2 - 3*m - 2. Let y be n(-1). Calculate the highest common factor of y and 15.
3
Suppose s - 300 = -5*z - 0*z, -832 = -3*s + 2*z. Suppose 4*h - 1844 = s. Suppose 4*d - h = 189. Calculate the highest common divisor of 20 and d.
20
Let g(z) = 4*z - 1. Suppose -5*k + 35 = -5*m, -2*k = 2*k + 3*m. Let h be g(k). What is the highest common factor of 11 and h?
11
Suppose -3*w = -2*w - 33. Calculate the highest common factor of w and 22.
11
Let b = 3 - 1. Suppose -5*w + 2*y = -w - 60, w = y + 14. Calculate the highest common factor of w and b.
2
Let z(b) = -7*b**2 + 0*b - b**3 - 5*b - 10 + 1. Suppose y + 11 = -2*p, 0*y + 2*y = -p - 1. Let x be z(p). Calculate the highest common divisor of 39 and x.
13
Suppose -i - v = 1, 3*v = -i + v. Let w be 1/i + 123/6. Let a = 28 - w. Calculate the highest common divisor of 4 and a.
4
Let u(x) = -x**2 - 5*x + 4. Let s be u(-7). Let o be s*((-36)/5)/2. Calculate the greatest common divisor of 4 and o.
4
Let n be (-1)/(-1) - (1 + -5). Suppose 71 + 259 = n*j. Suppose -5*f + 2*b = -30 - 93, -2*f = -5*b - j. Calculate the highest common factor of 184 and f.
23
Suppose 16*l + 0*l = 32. Calculate the highest common factor of 10 and l.
2
Suppose 135 = 5*c + 35. Suppose c = -4*j, 0 + 9 = 2*w + j. Let r = 148 - 71. Calculate the greatest common divisor of w and r.
7
Let v(z) = z**3 - z**2 + z + 2. Let w be v(0). Suppose -p = 4*a - 15, 4*p = a + w*a + 22. Calculate the greatest common factor of 63 and p.
7
Suppose 0*q = 5*q + 5*u - 145, 3*q + 5*u - 91 = 0. Calculate the greatest common divisor of q and 297.
27
Let i(q) = -q**2 + 11*q - 8. Let j be i(6). Suppose -5*w = -5*b + 15, 2*w + 3*w + 9 = 3*b. Suppose w = -l - 0 + 2. What is the highest common factor of l and j?
2
Let k = -6 - -9. Suppose 5*i - 22 = k*i. Calculate the highest common factor of 99 and i.
11
Suppose -3*w + 11 = 5*b - 23, -36 = -5*w + 2*b. Calculate the greatest common divisor of w and 72.
8
Suppose -8*p - 128 = -12*p. What is the greatest common divisor of 48 and p?
16
Let w(q) = 4*q - 3. Let j be w(2). What is the highest common divisor of 35 and j?
5
Suppose 4*f - 76 = 2*s, -57 = -2*f - f - 2*s. What is the highest common divisor of 76 and f?
19
Let l = 64 - 42. Let r(p) = 28*p**2 - 13*p**2 - 2*p + 24*p**2 - 6 + 8. Let d be r(2). Calculate the greatest common factor of d and l.
22
Let p be (-3)/((-18)/(-4))*-159. Let x(g) = 9*g**2 + 5*g + 4. Let l be x(-2). Suppose -l + p = 4*r. What is the highest common factor of 19 and r?
19
Suppose 0 = 4*b - l - 55, -2*b + 3*l + 39 = b. Let h(k) = -3*k + 1 + 1 + 3*k**2 + 5*k**2. Let s be h(2). Calculate the greatest common factor of s and b.
14
Let u = 2 - 6. Let j(r) = 7*r**2 - 5*r - 6. Let z be j(u). Let n be (5 - 9) + (-36)/(-2). Calculate the greatest common divisor of n and z.
14
Let o = -2 + 8. Suppose o = 3*g - 0*g. Suppose z + 11 = 3*d, 0*z + g*d + 6 = 4*z. Calculate the greatest common divisor of z and 44.
4
Let m(h) = h**2 + 9*h + 12. Let d be m(-8). What is the greatest common factor of 2 and d?
2
Let h(k) = -k**2 + 7*k + 11. Let w be (0 - 0) + (11 - 3). Let q be h(w). Let r = 2 + 22. Calculate the greatest common factor of q and r.
3
Let c(b) = 6*b + 1. Let p be c(1). Let j = 37 - 36. What is the greatest common factor of p and j?
1
Let c(y) = -y + 9. Let x be c(7). What is the greatest common factor of 16 and x?
2
Let p be 3/9 + (-1580)/(-12). Calculate the greatest common divisor of p and 12.
12
Let a be ((-8)/6)/((-4)/42). Let t be -6*(2 + a/(-6)). Let z(d) = -d**3 + d**2 + d + 18. Let y be z(0). What is the highest common factor of y and t?
2
Let w(h) = 7*h**2 - 3*h + 4. Let k be (2/4)/((-1)/(-8)). Let r be w(k). Calculate the greatest common factor of r and 13.
13
Suppose -4*p = w - 21 - 36, 5*w = -4*p + 317. What is the highest common divisor of w and 13?
13
Let t = 207 - 45. Calculate the highest common divisor of 18 and t.
18
Suppose -62 = -5*p - 0*l + 2*l, 20 = 2*p + 4*l. Calculate the greatest common factor of 3 and p.
3
Let l(r) = 2*r**3 - 5*r**2 + 4*r - 3. Let m be l(3). Let y be -2 + 2 + 2/1. What is the greatest common factor of m and y?
2
Suppose 0 - 3 = -x. Suppose -5*m = 3*i - 117, -2*i = -i - x*m - 39. Let l be (-6)/(-21) - 360/(-14). What is the highest common factor of l and i?
13
Let t(d) = -d**3 - 2*d**2 + d - 3. Let n be t(-3). Let c(r) = 2*r**2 - r - 3. Let l be c(n). What is the highest common factor of 132 and l?
12
Let g = 27 + -14. What is the greatest common factor of g and 26?
13
Suppose -5*u + 221 = 2*p + 17, -u + 44 = 2*p. Let t = 5 - 3. Suppose -25 = -t*d - 5. What is the greatest common factor of u and d?
10
Suppose -3*x + x = 0. Suppose x = -2*p + 23 + 43. Let o = 12 - -10. What is the highest common factor of o and p?
11
Let i(r) be the third derivative of r**4/24 + 4*r**3/3 + 4*r**2. Let j be i(-6). Let u = 4 - -2. Calculate the greatest common factor of j and u.
2
Suppose 2*v + 611 = 4*v - n, 0 = -4*v - 4*n + 1252. Let t = 594 - v. What is the highest common factor of t and 26?
26
Let y be -1 - 0 - (-7)/1. Suppose 0 = -2*d + 4, 80 = -4*q - 0*q - 2*d. Let f = 33 + q. Calculate the greatest common divisor of f and y.
6
Let k(l) = -16*l + 2. Let q be k(2). Let h be ((-22)/(-6))/(2/q). Let w = h + 83. What is the highest common factor of w and 4?
4
Suppose -476 = 5*h - h. Let q = 191 + h. What is the highest common divisor of 9 and q?
9
Let k = 7 + 65. Suppose -4*p = -3*p. Suppose -2*s + 18 = -p*s. What is the highest common factor of s and k?
9
Suppose 0 = k - 5*t + 11, 0 = 2*k - 5*t - 3. Calculate the highest common divisor of k and 98.
1